{"id":923,"date":"2018-06-28T17:51:12","date_gmt":"2018-06-28T20:51:12","guid":{"rendered":"https:\/\/ens40-sfe.infd.edu.ar\/sitio\/tecnico-superior-en-gestion-de-las-organizaciones-nueva-carrera\/"},"modified":"2025-12-03T20:37:56","modified_gmt":"2025-12-03T23:37:56","slug":"tecnico-superior-en-gestion-de-las-organizaciones-nueva-carrera","status":"publish","type":"page","link":"https:\/\/ens40-sfe.infd.edu.ar\/sitio\/tecnico-superior-en-gestion-de-las-organizaciones-nueva-carrera\/","title":{"rendered":"T\u00e9cnico Superior en Gesti\u00f3n de las Organizaciones (NUEVA CARRERA)"},"content":{"rendered":"<h4><strong><span style=\"color: #808080;\"><u>Duraci\u00f3n de la carrera<\/u>:<\/span> 3 A\u00f1os<\/strong><\/h4>\n<h4><span style=\"color: #808080;\"><strong><u>T\u00edtulo a otorgar<\/u>: <\/strong><\/span>T\u00e9cnico Superior en Gesti\u00f3n de las Organizaciones<\/h4>\n<p><img decoding=\"async\" loading=\"lazy\" class=\"alignleft size-medium\" src=\"https:\/\/ens40-sfe.infd.edu.ar\/aula\/archivos\/repositorio\/\/4250\/4271\/Gestion_Tecnicatura.jpg\" width=\"1067\" height=\"383\" \/><\/p>\n<h5><\/h5>\n<h5><\/h5>\n<h5 style=\"text-align: center;\"><strong><a title=\"https:\/\/ens40-sfe.infd.edu.ar\/aula\/archivos\/repositorio\/\/500\/534\/Tecnicatura_en_Desarrollo_de_Software.pdf\" href=\"https:\/\/ens40-sfe.infd.edu.ar\/aula\/archivos\/repositorio\/\/4250\/4268\/Tecnicatura_en_Gestion_de_las_Organizaciones.pdf\" target=\"_NEW\" rel=\"noopener\"><u><span style=\"color: #0000ff;\">Dise\u00f1o Curricular de la carrera T\u00e9cnicatura Superior en Gesti\u00f3n de las Organizaciones<\/span><\/u><\/a><\/strong><\/h5>\n<p style=\"text-align: center;\"><strong><em>(Hacer Clic\u00a0 para descargar el dise\u00f1o curricular de la carrera)<\/em><\/strong><\/p>\n","protected":false},"excerpt":{"rendered":"<p>Duraci\u00f3n de la carrera: 3 A\u00f1os T\u00edtulo a otorgar: T\u00e9cnico Superior en Gesti\u00f3n de las Organizaciones Dise\u00f1o Curricular de la carrera T\u00e9cnicatura Superior en Gesti\u00f3n de las Organizaciones (Hacer Clic\u00a0 para descargar el dise\u00f1o curricular de la carrera)<\/p>\n","protected":false},"author":16,"featured_media":0,"parent":0,"menu_order":0,"comment_status":"closed","ping_status":"closed","template":"","meta":[],"acf":[],"_links":{"self":[{"href":"https:\/\/ens40-sfe.infd.edu.ar\/sitio\/wp-json\/wp\/v2\/pages\/923"}],"collection":[{"href":"https:\/\/ens40-sfe.infd.edu.ar\/sitio\/wp-json\/wp\/v2\/pages"}],"about":[{"href":"https:\/\/ens40-sfe.infd.edu.ar\/sitio\/wp-json\/wp\/v2\/types\/page"}],"author":[{"embeddable":true,"href":"https:\/\/ens40-sfe.infd.edu.ar\/sitio\/wp-json\/wp\/v2\/users\/16"}],"replies":[{"embeddable":true,"href":"https:\/\/ens40-sfe.infd.edu.ar\/sitio\/wp-json\/wp\/v2\/comments?post=923"}],"version-history":[{"count":14,"href":"https:\/\/ens40-sfe.infd.edu.ar\/sitio\/wp-json\/wp\/v2\/pages\/923\/revisions"}],"predecessor-version":[{"id":1991,"href":"https:\/\/ens40-sfe.infd.edu.ar\/sitio\/wp-json\/wp\/v2\/pages\/923\/revisions\/1991"}],"wp:attachment":[{"href":"https:\/\/ens40-sfe.infd.edu.ar\/sitio\/wp-json\/wp\/v2\/media?parent=923"}],"curies":[{"name":"wp","href":"https:\/\/api.w.org\/{rel}","templated":true}]}}