{"id":849,"date":"2018-06-28T17:50:36","date_gmt":"2018-06-28T20:50:36","guid":{"rendered":"https:\/\/ens40-sfe.infd.edu.ar\/sitio\/ubicacion\/"},"modified":"2020-09-29T07:44:59","modified_gmt":"2020-09-29T10:44:59","slug":"ubicacion","status":"publish","type":"page","link":"https:\/\/ens40-sfe.infd.edu.ar\/sitio\/ubicacion\/","title":{"rendered":"Ubicaci\u00f3n"},"content":{"rendered":"<p>Los Institutos de Formaci\u00f3n Docente constituyen hist\u00f3ricamente en\u00a0nuestra provincia, lugares claves para la formaci\u00f3n de nuevos educadores profesionales.\u00a0En \u00a0las localidades del interior, alejadas de las principales urbes en las que se ofrecen m\u00faltiples posibilidades para cursar estudios superiores, los institutos brindan oportunidades pr\u00e1cticamente exclusivas para tal fin, a la vez que constituyen centros de difusi\u00f3n y promoci\u00f3n cultural, por excelencia.<\/p>\n<p>Desde esta perspectiva, el <strong>Instituto de Formaci\u00f3n Docente de la Escuela Normal Superior N\u00ba<\/strong> <strong>40 \u00abMariano Moreno\u00bb<\/strong> atiende, a trav\u00e9s de su oferta educativa, la amplia y compleja realidad del Departamento San Crist\u00f3bal, teniendo en cuenta sus caracter\u00edsticas y demandas concretas del contexto.<\/p>\n<p>&nbsp;<\/p>\n<div style=\"text-align: center;\"><img decoding=\"async\" loading=\"lazy\" src=\"https:\/\/ens40-sfe.infd.edu.ar\/sitio\/wp-content\/uploads\/2018\/06\/Dibujo.bmp\" alt=\"mapa\" width=\"214\" height=\"169\" border=\"0\" \/><\/div>\n<div><\/div>\n<div><\/div>\n<p style=\"text-align: center;\"><iframe loading=\"lazy\" src=\"https:\/\/www.google.com\/maps\/d\/embed?mid=1W9DQMhfeD0PdjMi1OqSJgHEpZ9axlicF\" width=\"640\" height=\"480\"><\/iframe><\/p>\n","protected":false},"excerpt":{"rendered":"<p>Los Institutos de Formaci\u00f3n Docente constituyen hist\u00f3ricamente en\u00a0nuestra provincia, lugares claves para la formaci\u00f3n de nuevos educadores profesionales.\u00a0En \u00a0las localidades del interior, alejadas de las principales urbes en las que se ofrecen m\u00faltiples posibilidades para cursar estudios superiores, los institutos brindan oportunidades pr\u00e1cticamente exclusivas para tal fin, a la vez que constituyen centros de difusi\u00f3n &#8230; <a title=\"Ubicaci\u00f3n\" class=\"read-more\" href=\"https:\/\/ens40-sfe.infd.edu.ar\/sitio\/ubicacion\/\" aria-label=\"More on Ubicaci\u00f3n\">[+]<\/a><\/p>\n","protected":false},"author":16,"featured_media":0,"parent":0,"menu_order":0,"comment_status":"closed","ping_status":"closed","template":"","meta":[],"acf":[],"_links":{"self":[{"href":"https:\/\/ens40-sfe.infd.edu.ar\/sitio\/wp-json\/wp\/v2\/pages\/849"}],"collection":[{"href":"https:\/\/ens40-sfe.infd.edu.ar\/sitio\/wp-json\/wp\/v2\/pages"}],"about":[{"href":"https:\/\/ens40-sfe.infd.edu.ar\/sitio\/wp-json\/wp\/v2\/types\/page"}],"author":[{"embeddable":true,"href":"https:\/\/ens40-sfe.infd.edu.ar\/sitio\/wp-json\/wp\/v2\/users\/16"}],"replies":[{"embeddable":true,"href":"https:\/\/ens40-sfe.infd.edu.ar\/sitio\/wp-json\/wp\/v2\/comments?post=849"}],"version-history":[{"count":8,"href":"https:\/\/ens40-sfe.infd.edu.ar\/sitio\/wp-json\/wp\/v2\/pages\/849\/revisions"}],"predecessor-version":[{"id":1437,"href":"https:\/\/ens40-sfe.infd.edu.ar\/sitio\/wp-json\/wp\/v2\/pages\/849\/revisions\/1437"}],"wp:attachment":[{"href":"https:\/\/ens40-sfe.infd.edu.ar\/sitio\/wp-json\/wp\/v2\/media?parent=849"}],"curies":[{"name":"wp","href":"https:\/\/api.w.org\/{rel}","templated":true}]}}